are the prime factors of d?
2, 1409
Let d(g) be the first derivative of -g**4/4 - 3*g**3 + 7*g**2/2 + 8*g + 7. What are the prime factors of d(-10)?
2, 19
Let h(n) = -358*n - 760. List the prime factors of h(-13).
2, 3, 11, 59
What are the prime factors of 32/12*(13/(-4) + 7)?
2, 5
Let j be ((-25)/5 - -5) + 4. Suppose 4*p + m = 2*m + 390, -m = p - 95. Suppose 3*z - j*y - p = 0, -y = -5*z - 0*y + 190. What are the prime factors of z?
3, 13
Let q = 277 - 373. Let z be (1 + -3)/(4/122). Let r = z - q. What are the prime factors of r?
5, 7
Let i(l) = l**2 + 5*l - 4. Let t be i(-5). Let m be t/18 + (-568)/36. Let x = 25 + m. What are the prime factors of x?
3
Let v = -118 + 136. List the prime factors of v/45 - (-2 + (-1113)/5).
3, 5
Suppose 29280 = 5*l + 19*l. List the prime factors of l.
2, 5, 61
Let n(q) = q**3 + 5*q**2 - 9*q - 4. Let b be n(-6). Suppose -b - 4 = 3*m. Let u(x) = -2*x - 5. What are the prime factors of u(m)?
7
Suppose 14*p - 39374 - 40622 = 0. List the prime factors of p.
2, 2857
Let c be 22/4 + (-57)/38. Suppose c*y - 13 = -1. Suppose y*g + 141 = 6*g. List the prime factors of g.
47
Let w(p) be the first derivative of p**4/4 - 14*p**3/3 + 35*p**2/2 - 19*p + 30. What are the prime factors of w(11)?
3
Suppose -2*k = -71 - 135. Let i = 206 - k. List the prime factors of i.
103
Let s be (-15)/7*-89 - 2/(-7). Suppose 0 = -3*t + 7*t + 512. Let n = s + t. List the prime factors of n.
3, 7
Let y(t) = t**3 + 9*t**2 - t - 13. Let m be y(-7). Let a = m + -55. What are the prime factors of a?
37
Suppose 4*o = -2*f + 3*o - 2, -3*f - 2*o = 5. Let x be (1 - 0) + 3/f. Let j(t) = 2*t + 3. List the prime factors of j(x).
11
Let z be 9/6*(-6)/(-3). Suppose -z*d - d + a + 25 = 0, 1 = -a. List the prime factors of d.
2, 3
Let q(g) = g**2 + 9*g - 3. Suppose 2*l + 2*l - 5*p = -2, -2*l - 4*p + 12 = 0. Suppose -5*t - 25 = a, 5*t - 5 = -l*a + 4*a. List the prime factors of q(a).
7
Suppose -75 = -f - w + 10, -3*f - 4*w + 258 = 0. List the prime factors of f.
2, 41
Let c(y) = y**2 + 3*y + 3. Let d be ((-4)/(-6))/(10/(-45)). Let h be c(d). Suppose h*t + 2*t + 2*u - 68 = 0, -4*t = 2*u - 54. What are the prime factors of t?
2, 7
Let w(u) = u**2 + 8*u + 6. Let f be w(-7). List the prime factors of 82 - (3 - f - 8).
2, 43
Let a be (10/8)/((-2)/(-8)). Let k(n) = -a*n - 10 - 2*n + 3*n. List the prime factors of k(-7).
2, 3
Let s be (-309)/(-15) - 3/5. Let k = s - 29. Let r = 35 + k. List the prime factors of r.
2, 13
Suppose 2*h = -0*h + 4*q + 26, 3*h + 16 = -5*q. Suppose -j - 370 = -h*j. List the prime factors of j.
5, 37
Suppose 0 = -5*n - 2*y + 702, -19 = -5*y - 39. List the prime factors of n.
2, 71
Suppose 5*s - 32 = -2*j, -3*j + 8*s - 3*s = -48. Let m(k) be the first derivative of k**2 - 4*k - 2. What are the prime factors of m(j)?
2, 7
Let i = 146 + 107. List the prime factors of i.
11, 23
Suppose 12*w = 34*w - 97438. List the prime factors of w.
43, 103
What are the prime factors of (3 + 0 - (5 + -4))*253?
2, 11, 23
Let d be (-1)/(-3) - 51/(-9). Let u(m) be the first derivative of 3*m**2/2 + 4*m + 26. List the prime factors of u(d).
2, 11
Let s = -22 - -17. Let i be 0 + 1 + 22 + s. Suppose -2*v = 4*o - i, 0 = 2*o + 2*o. What are the prime factors of v?
3
Suppose -x + 4 = 0, -58 + 598 = 2*y - 2*x. What are the prime factors of y?
2, 137
Let c(v) = 3*v + 53. Suppose 2*j = -2*b, 4*j + 3 = -3*b + 8. What are the prime factors of c(j)?
2, 17
Let j(n) = 24*n. Let m be j(1). Suppose -7*h + 32 = -9*h. Let x = m + h. List the prime factors of x.
2
Let w(z) = z**3 + 7*z**2 + z + 7. Let r be w(-4). Suppose -r*j + 47*j = -548. List the prime factors of j.
137
Let x(j) be the third derivative of 7*j**6/30 + j**4/8 - j**3/3 - 12*j**2. What are the prime factors of x(1)?
29
Suppose 79*p - 8004 = 33*p. List the prime factors of p.
2, 3, 29
Let x = 157 + -167. Let j(h) = 2*h**2 - 3*h + 5. What are the prime factors of j(x)?
5, 47
Suppose -8*i - 31 = -7. What are the prime factors of ((-64)/20)/(i/(-120)*-1)?
2
Suppose -678 + 83 = -5*i. List the prime factors of i.
7, 17
Suppose 0 = -0*m + 2*m. Let x = m - -1. Let a = x - -6. List the prime factors of a.
7
Let h = 12 + -18. Let f = -50 - -10. What are the prime factors of h/10 + (-904)/f?
2, 11
Let c be (-6)/(-21) + (-88)/14. Let t be 1/2 + (-27)/c. Suppose -t*i = -2*i - 72. List the prime factors of i.
2, 3
Suppose -5712 - 2180 = -4*v. List the prime factors of v.
1973
Suppose 3*c = -4*i + 1412, -5*c = i - 2*i + 376. List the prime factors of i.
2, 89
Let g(l) = -l**3 - 10*l**2 + 3. Let k be g(-10). Let r(m) = m**3 - 2*m**2 - 6 - m + k*m - 1 - 3*m**2. List the prime factors of r(6).
41
Let g(f) = -f**3 - 4*f**2 - 8*f - 6. Let b be g(-2). Suppose -5*n + 5*v = -690, -n - b*v + v + 144 = 0. What are the prime factors of n?
3, 47
Suppose -1913 = -6*r - 635. What are the prime factors of r?
3, 71
Let d be (-406)/(-8) - 6/(-24). Suppose d = 5*j - 29. What are the prime factors of j?
2
Let j(v) = 3*v + 3*v + 4 + 20 - 5*v. Let s be j(-20). Let l(a) = 9*a - 11. What are the prime factors of l(s)?
5
Let n = -716 - -1059. List the prime factors of n.
7
Let h = -31 + 29. What are the prime factors of 570/20 + (-5)/h?
31
Suppose -3*l - m = -5453, -54*l + 57*l = -2*m + 5449. List the prime factors of l.
17, 107
What are the prime factors of (-14)/42*(-1 + 1396/(-2))?
233
Let m = 410 - 138. Suppose 2*j + y = m, 4*j - 408 = j - 4*y. Suppose -h + 5*h + j = 4*n, 4*n + 3*h - 171 = 0. List the prime factors of n.
3, 13
Let k(y) = 441*y**2 - 5*y + 7. What are the prime factors of k(2)?
3, 587
Let p(y) be the first derivative of -y**3/3 + 14*y**2 + 12*y + 9. Let d(u) be the first derivative of p(u). What are the prime factors of d(0)?
2, 7
Suppose 4*r + 45 = -q, 5*q = -4 - 1. Let g = -7 - r. Suppose 4*m = -5*x + 83, 0 = -g*m - 3*x + 8 + 85. What are the prime factors of m?
3
Let g(n) be the third derivative of n**5/60 + 5*n**4/24 + 2*n**3/3 + 131*n**2. Let y(p) = p**3 + 6*p**2 + 5. Let l be y(-6). What are the prime factors of g(l)?
2, 3
Suppose 6*s = 12*s - 900. Let y = s - 75. What are the prime factors of y?
3, 5
Let k = 141 + 1368. List the prime factors of k.
3, 503
Suppose 13*b - 120251 = -38533. List the prime factors of b.
2, 7, 449
Suppose -u = -t + 1473, 2*u = -u. List the prime factors of t.
3, 491
Suppose -3*f - 6 + 12 = 0. Suppose -g + 3*u + 48 + 262 = 0, f*g - 610 = 4*u. Suppose 10 = -5*z + g. List the prime factors of z.
3, 19
Suppose f = -4*y - 74 - 885, -4*y + 4*f = 984. Let q = -145 - y. Suppose 0 = 2*x - 4*s - q, -5*s + s - 38 = -x. List the prime factors of x.
2, 29
Let g(m) = -4*m**3 - 5*m**2. Let n = 2 + -6. What are the prime factors of g(n)?
2, 11
Suppose 3*r - 180 = r. Suppose 5*w = 2*w - r. Let h = 54 + w. What are the prime factors of h?
2, 3
Let a(k) = -k**2 + 55*k + 117. List the prime factors of a(45).
3, 7
Suppose -10*p = 3*h - 13*p - 18, 2*p = 3*h - 16. Let q(x) = -x**3 - x**2 - x + 19. Let w be q(0). Suppose -h*g + w = 3. What are the prime factors of g?
2
Let v be ((-5)/2 + 1)*1582/(-21). What are the prime factors of -1 + (v - -2)/5?
2, 11
Suppose 5*h + 2*m = -507, 6*h - 2*m = 4*h - 214. What are the prime factors of (4 - 6)*h/2?
103
Suppose 5*o - 2224 = -2*a - 0*a, -4*a = 2*o - 4448. List the prime factors of a.
2, 139
Let i be (12/(-3) - 0)/(-4). Let a be (-2)/(-2)*i*5. Suppose 4*p + 0*p - 194 = -2*r, -a*p + 3*r = -237. List the prime factors of p.
2, 3
Let j = -448 - -682. What are the prime factors of j?
2, 3, 13
Let u = -435 + 1806. List the prime factors of u.
3, 457
Suppose -2*k = 5*d - 0*d - 110, 2*d = -k + 55. What are the prime factors of k?
5, 11
Let o(d) = -5*d - d + 0*d + 10. Suppose -y - 3*s = 4, 2*y + 18 = -y - 3*s. List the prime factors of o(y).
2, 13
Let r = -77 + 95. Suppose -w = -r*w + 4301. List the prime factors of w.
11, 23
Suppose -5*u + 32505 = 5*c, 4*u - 7473 = 5*c + 18567. List the prime factors of u.
5, 1301
Let s(v) = -v**3 - 15*v**2 + 26*v - 41. List the prime factors of s(-17).
5, 19
Let r be (-29)/(-9) + (-2)/9. Suppose -2*h = 3*y - 205, -57 = -y + r*h + 2*h. What are the prime factors of y?
67
What are the prime factors of (2/3)/(10*(-2)/(-33240))?
2, 277
Suppose k + 27 = 362. What are the prime factors of k?
5, 67
Let u(d) = 129*d + 14. List the prime factors of u(1).
11